{"id":866,"date":"2025-04-02T11:00:19","date_gmt":"2025-04-02T09:00:19","guid":{"rendered":"https:\/\/tickb.umh.es\/?page_id=866"},"modified":"2025-04-02T11:32:22","modified_gmt":"2025-04-02T09:32:22","slug":"como-cambiar-la-foto-de-perfil-mediante-la-umh-app","status":"publish","type":"page","link":"https:\/\/tickb.umh.es\/ca\/gestion-de-identidades\/como-cambiar-la-foto-de-perfil-mediante-la-umh-app\/","title":{"rendered":"Com canviar la foto de perfil mitjan\u00e7ant l&#8217;App UMH"},"content":{"rendered":"<p>En aquest article anem a con\u00e9ixer com podem canviar la nostra foto de perfil des de l&#8217;aplicaci\u00f3 m\u00f2bil de la Universitat Miguel Hern\u00e1ndez. L&#8217;aplicaci\u00f3 est\u00e0 disponible tant per a Android com per a iOS en les seues respectives botigues d&#8217;aplicacions.<\/p>\n<p>En pujar la foto, <strong>est\u00e0s autoritzant a la UMH a usar-la amb la finalitat de verificar la teua identitat<\/strong>, per la qual cosa declares que la imatge \u00e9s de la teua persona, no cont\u00e9 contingut ofensiu ni il\u00b7legal i no infringeix els drets de tercers.<\/p>\n<p>&nbsp;<\/p>\n<p><strong>Guia detallada<\/strong><\/p>\n<p>A continuaci\u00f3 es mostra el proc\u00e9s a seguir des de la versi\u00f3 de l&#8217;aplicaci\u00f3 per a tel\u00e8fons Android. El proc\u00e9s \u00e9s similar per a dispositius iOS.<\/p>\n<ol>\n<li>Accedim a l&#8217;app UMH i premem sobre les tres barres horitzontals <img loading=\"lazy\" class=\"alignnone size-full wp-image-878\" src=\"https:\/\/tickb.umh.es\/files\/2025\/04\/FotoAPPpng.png\" alt=\"\" width=\"26\" height=\"22\" \/> que apareixen en la part superior esquerra de la pantalla.<img loading=\"lazy\" class=\"size-medium wp-image-875 aligncenter\" src=\"https:\/\/tickb.umh.es\/files\/2025\/04\/FotoAPP1png-225x300.png\" alt=\"\" width=\"225\" height=\"300\" srcset=\"https:\/\/tickb.umh.es\/files\/2025\/04\/FotoAPP1png-225x300.png 225w, https:\/\/tickb.umh.es\/files\/2025\/04\/FotoAPP1png.png 431w\" sizes=\"(max-width: 225px) 100vw, 225px\" \/><\/li>\n<li>En obrir el men\u00fa lateral, seleccionem la icona de la <strong>c\u00e0mera<\/strong>.<img loading=\"lazy\" class=\"size-medium wp-image-881 aligncenter\" src=\"https:\/\/tickb.umh.es\/files\/2025\/04\/FotoAPP2png-260x300.png\" alt=\"\" width=\"260\" height=\"300\" srcset=\"https:\/\/tickb.umh.es\/files\/2025\/04\/FotoAPP2png-260x300.png 260w, https:\/\/tickb.umh.es\/files\/2025\/04\/FotoAPP2png.png 330w\" sizes=\"(max-width: 260px) 100vw, 260px\" \/><\/li>\n<li>Ara podem triar si volem fer-nos una <strong>nova foto<\/strong> o seleccionar una de les nostres fotos que <strong>ja tenim en la galeria<\/strong>.<img loading=\"lazy\" class=\"size-medium wp-image-884 aligncenter\" src=\"https:\/\/tickb.umh.es\/files\/2025\/04\/FotoAPP3png-149x300.png\" alt=\"\" width=\"149\" height=\"300\" srcset=\"https:\/\/tickb.umh.es\/files\/2025\/04\/FotoAPP3png-149x300.png 149w, https:\/\/tickb.umh.es\/files\/2025\/04\/FotoAPP3png.png 414w\" sizes=\"(max-width: 149px) 100vw, 149px\" \/><\/li>\n<li>En el cas de seleccionar l&#8217;opci\u00f3 &#8220;<strong>Elegir-la de la teua galeria<\/strong>&#8220;, el sistema ens demanar\u00e0 que li donem acc\u00e9s a <strong>l&#8217;app UMH<\/strong> a la nostra galeria. Perqu\u00e8 l&#8217;aplicaci\u00f3 funcione correctament, hem de seleccionar &#8220;<strong>Permetre<\/strong>&#8220;.<img loading=\"lazy\" class=\"size-medium wp-image-887 aligncenter\" src=\"https:\/\/tickb.umh.es\/files\/2025\/04\/FotoAPP4png-184x300.png\" alt=\"\" width=\"184\" height=\"300\" srcset=\"https:\/\/tickb.umh.es\/files\/2025\/04\/FotoAPP4png-184x300.png 184w, https:\/\/tickb.umh.es\/files\/2025\/04\/FotoAPP4png.png 399w\" sizes=\"(max-width: 184px) 100vw, 184px\" \/><\/li>\n<li>En Android, el sistema ens preguntar\u00e0 on es troben els nostres arxius. En iOS, una vegada que h\u00e0gem perm\u00e9s a l&#8217;aplicaci\u00f3 l&#8217;acc\u00e9s total a la nostra fototeca, se&#8217;ns mostraran les fotos emmagatzemades en el nostre dispositiu.<img loading=\"lazy\" class=\"size-full wp-image-890 aligncenter\" src=\"https:\/\/tickb.umh.es\/files\/2025\/04\/FotoAPP5png.png\" alt=\"\" width=\"300\" height=\"211\" \/><\/li>\n<li>Si, per contra, seleccionem l&#8217;opci\u00f3 &#8220;<strong>Fes una foto amb la c\u00e0mera<\/strong>&#8220;, l&#8217;aplicaci\u00f3 ens permetr\u00e0 fer-nos una fotografia. Hem d&#8217;enquadrar la nostra imatge dins de la quadr\u00edcula que apareix i pr\u00e9mer &#8220;<strong>Retallar<\/strong>&#8220;.<img loading=\"lazy\" class=\"size-medium wp-image-893 aligncenter\" src=\"https:\/\/tickb.umh.es\/files\/2025\/04\/FotoAPP6png-141x300.png\" alt=\"\" width=\"141\" height=\"300\" srcset=\"https:\/\/tickb.umh.es\/files\/2025\/04\/FotoAPP6png-141x300.png 141w, https:\/\/tickb.umh.es\/files\/2025\/04\/FotoAPP6png.png 445w\" sizes=\"(max-width: 141px) 100vw, 141px\" \/><\/li>\n<li>Una vegada feta la fotografia, haurem d&#8217;acceptar els termes i condicions i pr\u00e9mer en &#8220;<strong>Enviar FOTO<\/strong>&#8220;.<img loading=\"lazy\" class=\"size-medium wp-image-896 aligncenter\" src=\"https:\/\/tickb.umh.es\/files\/2025\/04\/FotoAPP7png-142x300.png\" alt=\"\" width=\"142\" height=\"300\" srcset=\"https:\/\/tickb.umh.es\/files\/2025\/04\/FotoAPP7png-142x300.png 142w, https:\/\/tickb.umh.es\/files\/2025\/04\/FotoAPP7png.png 450w\" sizes=\"(max-width: 142px) 100vw, 142px\" \/><\/li>\n<li>El proc\u00e9s <strong>pot tardar un temps a completar-se<\/strong>. Veurem una advert\u00e8ncia en la part inferior de la pantalla indicant que la nostra foto s&#8217;est\u00e0 pujant.<img loading=\"lazy\" class=\"size-full wp-image-869 aligncenter\" src=\"https:\/\/tickb.umh.es\/files\/2025\/04\/FotoAPP8png.png\" alt=\"\" width=\"300\" height=\"43\" \/><\/li>\n<li>Una vegada finalitzat el proc\u00e9s, veurem el missatge &#8220;<strong>Foto actualitzada correctament<\/strong>&#8220;.<img loading=\"lazy\" class=\"size-full wp-image-872 aligncenter\" src=\"https:\/\/tickb.umh.es\/files\/2025\/04\/FotoAPP9png.png\" alt=\"\" width=\"300\" height=\"40\" \/><\/li>\n<\/ol>\n<p>Hem de tindre en compte que el canvi de foto <strong>s&#8217;efectua de manera immediata<\/strong> en finalitzar el proc\u00e9s. Si no comptem amb un smartphone compatible amb l&#8217;app UMH, podem demanar al Centre d&#8217;Atenci\u00f3 a l&#8217;Usuari que ens fa\u00e7a el canvi manualment. En aquest cas, el canvi pot demorar-se fins a 48 hores.<\/p>\n<p>&nbsp;<\/p>\n<div class=\"confluence-information-macro confluence-information-macro-warning conf-macro output-block\" style=\"text-align: justify;\" data-hasbody=\"true\" data-macro-name=\"warning\">\n<div class=\"confluence-information-macro-body\">\n<blockquote style=\"text-align: center;\">\n<table style=\"background-color: #fff8f7; border: 2px solid #d04437; margin: 0px auto; height: 91px;\" width=\"628\">\n<tbody>\n<tr>\n<td style=\"text-align: justify;\" width=\"566\"><strong>Advert\u00e8ncia<\/strong>\u00a0Respecte a la privacitat:<\/p>\n<ul>\n<li>Els alumnes han de tindre en compte que el professor pot veure la foto dels seus estudiants.<\/li>\n<li>El PAS o PDI pot indicar en el seu acc\u00e9s identificat si vol que la seua foto siga visible o no en els termes que va dictar la Delegada en Protecci\u00f3 de dades de la UMH en el seu informe jur\u00eddic.<\/li>\n<\/ul>\n<\/td>\n<\/tr>\n<\/tbody>\n<\/table>\n<\/blockquote>\n<\/div>\n<\/div>\n<div class=\"confluence-information-macro confluence-information-macro-warning conf-macro output-block\" style=\"text-align: center;\" data-hasbody=\"true\" data-macro-name=\"warning\">\n<div class=\"confluence-information-macro-body\" style=\"text-align: justify;\">\n<blockquote style=\"text-align: center;\">\n<table style=\"background-color: #fffdf6; border: 2px solid #ffeaae; margin: 0px auto; height: 214px;\" width=\"628\">\n<tbody>\n<tr>\n<td style=\"text-align: left;\" width=\"566\"><strong>Nota<\/strong>\u00a0A l&#8217;hora de seleccionar la fotografia hem de tindre en compte les seg\u00fcents consideracions generals:<\/p>\n<ul>\n<li>Foto recent en color i amb fons uniforme.<\/li>\n<li>Foto presa de front amb el cap totalment descobert i sense ulleres de cristalls foscos o qualsevol altra pe\u00e7a que puga impedir o dificultar la identificaci\u00f3 de la persona.<\/li>\n<\/ul>\n<p>Hem de tindre en compte aquestes recomanacions ja que, per exemple, en el cas dels estudiants, la foto \u00e9s una dada b\u00e0sica d&#8217;identificaci\u00f3 per al professor.<\/td>\n<\/tr>\n<\/tbody>\n<\/table>\n<\/blockquote>\n<\/div>\n<\/div>\n<p><\/p>","protected":false},"excerpt":{"rendered":"<p>En aquest article anem a con\u00e9ixer com podem canviar la nostra foto de perfil des de l&#8217;aplicaci\u00f3 m\u00f2bil de la Universitat Miguel Hern\u00e1ndez. L&#8217;aplicaci\u00f3 est\u00e0 disponible tant per a Android com per a iOS en les seues respectives botigues d&#8217;aplicacions.<br \/>\nEn pujar la foto, est\u00e0s autoritzant a la UMH a usar-la amb la finalitat de verificar [&#8230;]<\/p>\n","protected":false},"author":88,"featured_media":0,"parent":41,"menu_order":10,"comment_status":"closed","ping_status":"closed","template":"","meta":{"_links_to":"","_links_to_target":""},"_links":{"self":[{"href":"https:\/\/tickb.umh.es\/ca\/wp-json\/wp\/v2\/pages\/866"}],"collection":[{"href":"https:\/\/tickb.umh.es\/ca\/wp-json\/wp\/v2\/pages"}],"about":[{"href":"https:\/\/tickb.umh.es\/ca\/wp-json\/wp\/v2\/types\/page"}],"author":[{"embeddable":true,"href":"https:\/\/tickb.umh.es\/ca\/wp-json\/wp\/v2\/users\/88"}],"replies":[{"embeddable":true,"href":"https:\/\/tickb.umh.es\/ca\/wp-json\/wp\/v2\/comments?post=866"}],"version-history":[{"count":0,"href":"https:\/\/tickb.umh.es\/ca\/wp-json\/wp\/v2\/pages\/866\/revisions"}],"up":[{"embeddable":true,"href":"https:\/\/tickb.umh.es\/ca\/wp-json\/wp\/v2\/pages\/41"}],"wp:attachment":[{"href":"https:\/\/tickb.umh.es\/ca\/wp-json\/wp\/v2\/media?parent=866"}],"curies":[{"name":"wp","href":"https:\/\/api.w.org\/{rel}","templated":true}]}}

Com canviar la foto de perfil mitjançant l&#8217;App UMH

<p>En aquest article anem a conéixer com podem canviar la nostra foto de perfil des de l&#8217;aplicació mòbil de la Universitat Miguel Hernández. L&#8217;aplicació està disponible tant per a Android com per a iOS en les seues respectives botigues d&#8217;aplicacions.</p>
<p>En pujar la foto, <strong>estàs autoritzant a la UMH a usar-la amb la finalitat de verificar la teua identitat</strong>, per la qual cosa declares que la imatge és de la teua persona, no conté contingut ofensiu ni il·legal i no infringeix els drets de tercers.</p>
<p>&nbsp;</p>
<p><strong>Guia detallada</strong></p>
<p>A continuació es mostra el procés a seguir des de la versió de l&#8217;aplicació per a telèfons Android. El procés és similar per a dispositius iOS.</p>
<ol>
<li>Accedim a l&#8217;app UMH i premem sobre les tres barres horitzontals <img loading="lazy" class="alignnone size-full wp-image-878" src="https://tickb.umh.es/files/2025/04/FotoAPPpng.png" alt="" width="26" height="22" /> que apareixen en la part superior esquerra de la pantalla.<img loading="lazy" class="size-medium wp-image-875 aligncenter" src="https://tickb.umh.es/files/2025/04/FotoAPP1png-225x300.png" alt="" width="225" height="300" srcset="https://tickb.umh.es/files/2025/04/FotoAPP1png-225x300.png 225w, https://tickb.umh.es/files/2025/04/FotoAPP1png.png 431w" sizes="(max-width: 225px) 100vw, 225px" /></li>
<li>En obrir el menú lateral, seleccionem la icona de la <strong>càmera</strong>.<img loading="lazy" class="size-medium wp-image-881 aligncenter" src="https://tickb.umh.es/files/2025/04/FotoAPP2png-260x300.png" alt="" width="260" height="300" srcset="https://tickb.umh.es/files/2025/04/FotoAPP2png-260x300.png 260w, https://tickb.umh.es/files/2025/04/FotoAPP2png.png 330w" sizes="(max-width: 260px) 100vw, 260px" /></li>
<li>Ara podem triar si volem fer-nos una <strong>nova foto</strong> o seleccionar una de les nostres fotos que <strong>ja tenim en la galeria</strong>.<img loading="lazy" class="size-medium wp-image-884 aligncenter" src="https://tickb.umh.es/files/2025/04/FotoAPP3png-149x300.png" alt="" width="149" height="300" srcset="https://tickb.umh.es/files/2025/04/FotoAPP3png-149x300.png 149w, https://tickb.umh.es/files/2025/04/FotoAPP3png.png 414w" sizes="(max-width: 149px) 100vw, 149px" /></li>
<li>En el cas de seleccionar l&#8217;opció &#8220;<strong>Elegir-la de la teua galeria</strong>&#8220;, el sistema ens demanarà que li donem accés a <strong>l&#8217;app UMH</strong> a la nostra galeria. Perquè l&#8217;aplicació funcione correctament, hem de seleccionar &#8220;<strong>Permetre</strong>&#8220;.<img loading="lazy" class="size-medium wp-image-887 aligncenter" src="https://tickb.umh.es/files/2025/04/FotoAPP4png-184x300.png" alt="" width="184" height="300" srcset="https://tickb.umh.es/files/2025/04/FotoAPP4png-184x300.png 184w, https://tickb.umh.es/files/2025/04/FotoAPP4png.png 399w" sizes="(max-width: 184px) 100vw, 184px" /></li>
<li>En Android, el sistema ens preguntarà on es troben els nostres arxius. En iOS, una vegada que hàgem permés a l&#8217;aplicació l&#8217;accés total a la nostra fototeca, se&#8217;ns mostraran les fotos emmagatzemades en el nostre dispositiu.<img loading="lazy" class="size-full wp-image-890 aligncenter" src="https://tickb.umh.es/files/2025/04/FotoAPP5png.png" alt="" width="300" height="211" /></li>
<li>Si, per contra, seleccionem l&#8217;opció &#8220;<strong>Fes una foto amb la càmera</strong>&#8220;, l&#8217;aplicació ens permetrà fer-nos una fotografia. Hem d&#8217;enquadrar la nostra imatge dins de la quadrícula que apareix i prémer &#8220;<strong>Retallar</strong>&#8220;.<img loading="lazy" class="size-medium wp-image-893 aligncenter" src="https://tickb.umh.es/files/2025/04/FotoAPP6png-141x300.png" alt="" width="141" height="300" srcset="https://tickb.umh.es/files/2025/04/FotoAPP6png-141x300.png 141w, https://tickb.umh.es/files/2025/04/FotoAPP6png.png 445w" sizes="(max-width: 141px) 100vw, 141px" /></li>
<li>Una vegada feta la fotografia, haurem d&#8217;acceptar els termes i condicions i prémer en &#8220;<strong>Enviar FOTO</strong>&#8220;.<img loading="lazy" class="size-medium wp-image-896 aligncenter" src="https://tickb.umh.es/files/2025/04/FotoAPP7png-142x300.png" alt="" width="142" height="300" srcset="https://tickb.umh.es/files/2025/04/FotoAPP7png-142x300.png 142w, https://tickb.umh.es/files/2025/04/FotoAPP7png.png 450w" sizes="(max-width: 142px) 100vw, 142px" /></li>
<li>El procés <strong>pot tardar un temps a completar-se</strong>. Veurem una advertència en la part inferior de la pantalla indicant que la nostra foto s&#8217;està pujant.<img loading="lazy" class="size-full wp-image-869 aligncenter" src="https://tickb.umh.es/files/2025/04/FotoAPP8png.png" alt="" width="300" height="43" /></li>
<li>Una vegada finalitzat el procés, veurem el missatge &#8220;<strong>Foto actualitzada correctament</strong>&#8220;.<img loading="lazy" class="size-full wp-image-872 aligncenter" src="https://tickb.umh.es/files/2025/04/FotoAPP9png.png" alt="" width="300" height="40" /></li>
</ol>
<p>Hem de tindre en compte que el canvi de foto <strong>s&#8217;efectua de manera immediata</strong> en finalitzar el procés. Si no comptem amb un smartphone compatible amb l&#8217;app UMH, podem demanar al Centre d&#8217;Atenció a l&#8217;Usuari que ens faça el canvi manualment. En aquest cas, el canvi pot demorar-se fins a 48 hores.</p>
<p>&nbsp;</p>
<div class="confluence-information-macro confluence-information-macro-warning conf-macro output-block" style="text-align: justify;" data-hasbody="true" data-macro-name="warning">
<div class="confluence-information-macro-body">
<blockquote style="text-align: center;">
<table style="background-color: #fff8f7; border: 2px solid #d04437; margin: 0px auto; height: 91px;" width="628">
<tbody>
<tr>
<td style="text-align: justify;" width="566"><strong>Advertència</strong> Respecte a la privacitat:</p>
<ul>
<li>Els alumnes han de tindre en compte que el professor pot veure la foto dels seus estudiants.</li>
<li>El PAS o PDI pot indicar en el seu accés identificat si vol que la seua foto siga visible o no en els termes que va dictar la Delegada en Protecció de dades de la UMH en el seu informe jurídic.</li>
</ul>
</td>
</tr>
</tbody>
</table>
</blockquote>
</div>
</div>
<div class="confluence-information-macro confluence-information-macro-warning conf-macro output-block" style="text-align: center;" data-hasbody="true" data-macro-name="warning">
<div class="confluence-information-macro-body" style="text-align: justify;">
<blockquote style="text-align: center;">
<table style="background-color: #fffdf6; border: 2px solid #ffeaae; margin: 0px auto; height: 214px;" width="628">
<tbody>
<tr>
<td style="text-align: left;" width="566"><strong>Nota</strong> A l&#8217;hora de seleccionar la fotografia hem de tindre en compte les següents consideracions generals:</p>
<ul>
<li>Foto recent en color i amb fons uniforme.</li>
<li>Foto presa de front amb el cap totalment descobert i sense ulleres de cristalls foscos o qualsevol altra peça que puga impedir o dificultar la identificació de la persona.</li>
</ul>
<p>Hem de tindre en compte aquestes recomanacions ja que, per exemple, en el cas dels estudiants, la foto és una dada bàsica d&#8217;identificació per al professor.</td>
</tr>
</tbody>
</table>
</blockquote>
</div>
</div>
<p></p>

<p>En aquest article anem a conéixer com podem canviar la nostra foto de perfil des de l&#8217;aplicació mòbil de la Universitat Miguel Hernández. L&#8217;aplicació està disponible tant per a Android com per a iOS en les seues respectives botigues d&#8217;aplicacions.<br />
En pujar la foto, estàs autoritzant a la UMH a usar-la amb la finalitat de verificar [&#8230;]</p>
