{"id":977,"date":"2025-04-02T13:53:44","date_gmt":"2025-04-02T11:53:44","guid":{"rendered":"https:\/\/tickb.umh.es\/?page_id=977"},"modified":"2025-04-02T14:46:02","modified_gmt":"2025-04-02T12:46:02","slug":"como-agregar-suscripcion-de-nuestro-calendario-academico-a-google-calendar-icloud-u-office-365","status":"publish","type":"page","link":"https:\/\/tickb.umh.es\/ca\/correo-y-colaboracion\/como-agregar-suscripcion-de-nuestro-calendario-academico-a-google-calendar-icloud-u-office-365\/","title":{"rendered":"Com agregar la subscripci\u00f3 del nostre calendari acad\u00e8mic a Google Calendar, iCloud o Office 365"},"content":{"rendered":"<p>Despr\u00e9s <a href=\"https:\/\/tickb.umh.es\/correo-y-colaboracion\/como-obtener-url-del-calendario-de-nuestro-curso-academico\/\">d&#8217;obtindre la URL del calendari del nostre curs acad\u00e8mic<\/a>, anem a agregar-la al nostre calendari personal en Google Calendar, iCloud i Microsoft Office 365.<\/p>\n<p><strong>Agregar subscripci\u00f3 a Google Calendar<\/strong><\/p>\n<ol>\n<li>Accedim al nostre compte de Google i premem en la part superior dreta en els 9 puntets i despr\u00e9s en &#8220;Calendar&#8221;.<img loading=\"lazy\" class=\"size-medium wp-image-983 aligncenter\" src=\"https:\/\/tickb.umh.es\/files\/2025\/04\/Calendario1-300x146.png\" alt=\"\" width=\"300\" height=\"146\" srcset=\"https:\/\/tickb.umh.es\/files\/2025\/04\/Calendario1-300x146.png 300w, https:\/\/tickb.umh.es\/files\/2025\/04\/Calendario1-1024x497.png 1024w, https:\/\/tickb.umh.es\/files\/2025\/04\/Calendario1-768x373.png 768w, https:\/\/tickb.umh.es\/files\/2025\/04\/Calendario1-1536x745.png 1536w, https:\/\/tickb.umh.es\/files\/2025\/04\/Calendario1-2048x994.png 2048w\" sizes=\"(max-width: 300px) 100vw, 300px\" \/><\/li>\n<li>Una vegada dins de &#8220;Calendar&#8221;, anem a la roda dentada que est\u00e0 a dalt a la dreta al costat de &#8220;Setmana&#8221;, fem clic i despr\u00e9s en &#8220;Configuraci\u00f3&#8221;.<img loading=\"lazy\" class=\"size-medium wp-image-986 aligncenter\" src=\"https:\/\/tickb.umh.es\/files\/2025\/04\/Calendario2-300x149.png\" alt=\"\" width=\"300\" height=\"149\" srcset=\"https:\/\/tickb.umh.es\/files\/2025\/04\/Calendario2-300x149.png 300w, https:\/\/tickb.umh.es\/files\/2025\/04\/Calendario2-1024x508.png 1024w, https:\/\/tickb.umh.es\/files\/2025\/04\/Calendario2-768x381.png 768w, https:\/\/tickb.umh.es\/files\/2025\/04\/Calendario2-1536x762.png 1536w, https:\/\/tickb.umh.es\/files\/2025\/04\/Calendario2-2048x1016.png 2048w\" sizes=\"(max-width: 300px) 100vw, 300px\" \/><\/li>\n<li>Ens dirigim a &#8220;Afegir calendari&#8221;\/&#8221;Des de URL&#8221;, peguem la nostra URL i despr\u00e9s premem en &#8220;Afegir calendari&#8221;.<img loading=\"lazy\" class=\"size-medium wp-image-989 aligncenter\" src=\"https:\/\/tickb.umh.es\/files\/2025\/04\/Calendario3-300x130.png\" alt=\"\" width=\"300\" height=\"130\" srcset=\"https:\/\/tickb.umh.es\/files\/2025\/04\/Calendario3-300x130.png 300w, https:\/\/tickb.umh.es\/files\/2025\/04\/Calendario3-1024x444.png 1024w, https:\/\/tickb.umh.es\/files\/2025\/04\/Calendario3-768x333.png 768w, https:\/\/tickb.umh.es\/files\/2025\/04\/Calendario3-1536x666.png 1536w, https:\/\/tickb.umh.es\/files\/2025\/04\/Calendario3.png 1994w\" sizes=\"(max-width: 300px) 100vw, 300px\" \/><\/li>\n<\/ol>\n<p><strong>Agregar subscripci\u00f3 a iCloud (per a iOS i macOS)<\/strong><\/p>\n<ol>\n<li>Ho fem des del nostre Mac perqu\u00e8 aix\u00ed aparega en tots els nostres dispositius Apple.<\/li>\n<li>En el nostre Mac, obrim l&#8217;aplicaci\u00f3 &#8220;Calendari&#8221; i fem clic en &#8220;Arxiu&#8221; \/ &#8220;Nova subscripci\u00f3 a calendari&#8221;.<img loading=\"lazy\" class=\"size-medium wp-image-992 aligncenter\" src=\"https:\/\/tickb.umh.es\/files\/2025\/04\/Calendario4-300x186.png\" alt=\"\" width=\"300\" height=\"186\" srcset=\"https:\/\/tickb.umh.es\/files\/2025\/04\/Calendario4-300x186.png 300w, https:\/\/tickb.umh.es\/files\/2025\/04\/Calendario4-1024x634.png 1024w, https:\/\/tickb.umh.es\/files\/2025\/04\/Calendario4-768x475.png 768w, https:\/\/tickb.umh.es\/files\/2025\/04\/Calendario4.png 1360w\" sizes=\"(max-width: 300px) 100vw, 300px\" \/><\/li>\n<li>Ens demanar\u00e0 la URL del calendari al qual volem subscriure&#8217;ns, la introdu\u00efm i premem en &#8220;Subscriure&#8217;s&#8221;.<img loading=\"lazy\" class=\"size-medium wp-image-995 aligncenter\" src=\"https:\/\/tickb.umh.es\/files\/2025\/04\/Calendario5-300x66.png\" alt=\"\" width=\"300\" height=\"66\" srcset=\"https:\/\/tickb.umh.es\/files\/2025\/04\/Calendario5-300x66.png 300w, https:\/\/tickb.umh.es\/files\/2025\/04\/Calendario5-1024x226.png 1024w, https:\/\/tickb.umh.es\/files\/2025\/04\/Calendario5-768x169.png 768w, https:\/\/tickb.umh.es\/files\/2025\/04\/Calendario5.png 1134w\" sizes=\"(max-width: 300px) 100vw, 300px\" \/><\/li>\n<li>Li assignem un nom com per exemple &#8220;Calendari UMH&#8221; i premem en &#8220;Acceptar&#8221;.<img loading=\"lazy\" class=\"size-medium wp-image-998 aligncenter\" src=\"https:\/\/tickb.umh.es\/files\/2025\/04\/Calendario6-300x187.png\" alt=\"\" width=\"300\" height=\"187\" srcset=\"https:\/\/tickb.umh.es\/files\/2025\/04\/Calendario6-300x187.png 300w, https:\/\/tickb.umh.es\/files\/2025\/04\/Calendario6-1024x640.png 1024w, https:\/\/tickb.umh.es\/files\/2025\/04\/Calendario6-768x480.png 768w, https:\/\/tickb.umh.es\/files\/2025\/04\/Calendario6.png 1044w\" sizes=\"(max-width: 300px) 100vw, 300px\" \/><\/li>\n<\/ol>\n<p><strong>Agregar subscripci\u00f3 a Office 365<\/strong><\/p>\n<ol>\n<li>Ho fem des del nostre compte Microsoft perqu\u00e8 aix\u00ed aparega en Microsoft Windows en el nostre calendari quan iniciem sessi\u00f3.<\/li>\n<li>Accedim al nostre compte MiUMH i premem en la part superior esquerra en els 9 puntets i despr\u00e9s en &#8220;Totes les aplicacions&#8221;.<img loading=\"lazy\" class=\"size-medium wp-image-1001 aligncenter\" src=\"https:\/\/tickb.umh.es\/files\/2025\/04\/Calendario7-300x177.png\" alt=\"\" width=\"300\" height=\"177\" srcset=\"https:\/\/tickb.umh.es\/files\/2025\/04\/Calendario7-300x177.png 300w, https:\/\/tickb.umh.es\/files\/2025\/04\/Calendario7-1024x604.png 1024w, https:\/\/tickb.umh.es\/files\/2025\/04\/Calendario7-768x453.png 768w, https:\/\/tickb.umh.es\/files\/2025\/04\/Calendario7-1536x906.png 1536w, https:\/\/tickb.umh.es\/files\/2025\/04\/Calendario7.png 2044w\" sizes=\"(max-width: 300px) 100vw, 300px\" \/><img loading=\"lazy\" class=\"size-medium wp-image-1004 aligncenter\" src=\"https:\/\/tickb.umh.es\/files\/2025\/04\/Calendario8-300x144.png\" alt=\"\" width=\"300\" height=\"144\" srcset=\"https:\/\/tickb.umh.es\/files\/2025\/04\/Calendario8-300x144.png 300w, https:\/\/tickb.umh.es\/files\/2025\/04\/Calendario8-1024x490.png 1024w, https:\/\/tickb.umh.es\/files\/2025\/04\/Calendario8-768x368.png 768w, https:\/\/tickb.umh.es\/files\/2025\/04\/Calendario8-1536x736.png 1536w, https:\/\/tickb.umh.es\/files\/2025\/04\/Calendario8.png 2042w\" sizes=\"(max-width: 300px) 100vw, 300px\" \/><\/li>\n<li>Ara fem clic en &#8220;Calendari&#8221;.<img loading=\"lazy\" class=\"size-medium wp-image-1007 aligncenter\" src=\"https:\/\/tickb.umh.es\/files\/2025\/04\/Calendario9-300x160.png\" alt=\"\" width=\"300\" height=\"160\" srcset=\"https:\/\/tickb.umh.es\/files\/2025\/04\/Calendario9-300x160.png 300w, https:\/\/tickb.umh.es\/files\/2025\/04\/Calendario9-1024x545.png 1024w, https:\/\/tickb.umh.es\/files\/2025\/04\/Calendario9-768x408.png 768w, https:\/\/tickb.umh.es\/files\/2025\/04\/Calendario9-1536x817.png 1536w, https:\/\/tickb.umh.es\/files\/2025\/04\/Calendario9.png 2042w\" sizes=\"(max-width: 300px) 100vw, 300px\" \/><\/li>\n<li>Fem clic en &#8220;Afegir calendari&#8221;.<img loading=\"lazy\" class=\"size-medium wp-image-1010 aligncenter\" src=\"https:\/\/tickb.umh.es\/files\/2025\/04\/Calendario10-300x186.png\" alt=\"\" width=\"300\" height=\"186\" srcset=\"https:\/\/tickb.umh.es\/files\/2025\/04\/Calendario10-300x186.png 300w, https:\/\/tickb.umh.es\/files\/2025\/04\/Calendario10-1024x636.png 1024w, https:\/\/tickb.umh.es\/files\/2025\/04\/Calendario10-768x477.png 768w, https:\/\/tickb.umh.es\/files\/2025\/04\/Calendario10-1536x954.png 1536w, https:\/\/tickb.umh.es\/files\/2025\/04\/Calendario10.png 2044w\" sizes=\"(max-width: 300px) 100vw, 300px\" \/><\/li>\n<li>En &#8220;Afegir calendari&#8221;, fem clic en &#8220;Subscriure&#8217;s des del web&#8221;.<img loading=\"lazy\" class=\"size-medium wp-image-1013 aligncenter\" src=\"https:\/\/tickb.umh.es\/files\/2025\/04\/Calendario11-300x130.png\" alt=\"\" width=\"300\" height=\"130\" srcset=\"https:\/\/tickb.umh.es\/files\/2025\/04\/Calendario11-300x130.png 300w, https:\/\/tickb.umh.es\/files\/2025\/04\/Calendario11-1024x445.png 1024w, https:\/\/tickb.umh.es\/files\/2025\/04\/Calendario11-768x334.png 768w, https:\/\/tickb.umh.es\/files\/2025\/04\/Calendario11-1536x668.png 1536w, https:\/\/tickb.umh.es\/files\/2025\/04\/Calendario11.png 1882w\" sizes=\"(max-width: 300px) 100vw, 300px\" \/><\/li>\n<li>Finalment, omplim els camps pegant la nostra URL, assignant-li un nom com per exemple &#8220;Calendari UMH&#8221;, seleccionem en &#8220;Afegir a&#8221; l&#8217;opci\u00f3 &#8220;Els meus calendaris&#8221; i finalment fem clic en &#8220;Importar&#8221;.<img loading=\"lazy\" class=\"size-medium wp-image-1016 aligncenter\" src=\"https:\/\/tickb.umh.es\/files\/2025\/04\/Calendario12-300x217.png\" alt=\"\" width=\"300\" height=\"217\" srcset=\"https:\/\/tickb.umh.es\/files\/2025\/04\/Calendario12-300x217.png 300w, https:\/\/tickb.umh.es\/files\/2025\/04\/Calendario12-1024x741.png 1024w, https:\/\/tickb.umh.es\/files\/2025\/04\/Calendario12-768x556.png 768w, https:\/\/tickb.umh.es\/files\/2025\/04\/Calendario12-1536x1112.png 1536w, https:\/\/tickb.umh.es\/files\/2025\/04\/Calendario12.png 1890w\" sizes=\"(max-width: 300px) 100vw, 300px\" \/><\/li>\n<\/ol>\n<p>Ara ja tindrem el calendari en el nostre compte Microsoft perqu\u00e8 quan l&#8217;afegim al nostre compte d&#8217;usuari de Windows ens aparega el calendari.<\/p>","protected":false},"excerpt":{"rendered":"<p>Despr\u00e9s d&#8217;obtindre la URL del calendari del nostre curs acad\u00e8mic, anem a agregar-la al nostre calendari personal en Google Calendar, iCloud i Microsoft Office 365.<br \/>\nAgregar subscripci\u00f3 a Google Calendar<\/p>\n<p>Accedim al nostre compte de Google i premem en la part superior dreta en els 9 puntets i despr\u00e9s en &#8220;Calendar&#8221;.<br \/>\nUna vegada dins de &#8220;Calendar&#8221;, anem a [&#8230;]<\/p>\n","protected":false},"author":88,"featured_media":0,"parent":38,"menu_order":0,"comment_status":"closed","ping_status":"closed","template":"","meta":{"_links_to":"","_links_to_target":""},"_links":{"self":[{"href":"https:\/\/tickb.umh.es\/ca\/wp-json\/wp\/v2\/pages\/977"}],"collection":[{"href":"https:\/\/tickb.umh.es\/ca\/wp-json\/wp\/v2\/pages"}],"about":[{"href":"https:\/\/tickb.umh.es\/ca\/wp-json\/wp\/v2\/types\/page"}],"author":[{"embeddable":true,"href":"https:\/\/tickb.umh.es\/ca\/wp-json\/wp\/v2\/users\/88"}],"replies":[{"embeddable":true,"href":"https:\/\/tickb.umh.es\/ca\/wp-json\/wp\/v2\/comments?post=977"}],"version-history":[{"count":0,"href":"https:\/\/tickb.umh.es\/ca\/wp-json\/wp\/v2\/pages\/977\/revisions"}],"up":[{"embeddable":true,"href":"https:\/\/tickb.umh.es\/ca\/wp-json\/wp\/v2\/pages\/38"}],"wp:attachment":[{"href":"https:\/\/tickb.umh.es\/ca\/wp-json\/wp\/v2\/media?parent=977"}],"curies":[{"name":"wp","href":"https:\/\/api.w.org\/{rel}","templated":true}]}}

Com agregar la subscripció del nostre calendari acadèmic a Google Calendar, iCloud o Office 365

<p>Després <a href="https://tickb.umh.es/correo-y-colaboracion/como-obtener-url-del-calendario-de-nuestro-curso-academico/">d&#8217;obtindre la URL del calendari del nostre curs acadèmic</a>, anem a agregar-la al nostre calendari personal en Google Calendar, iCloud i Microsoft Office 365.</p>
<p><strong>Agregar subscripció a Google Calendar</strong></p>
<ol>
<li>Accedim al nostre compte de Google i premem en la part superior dreta en els 9 puntets i després en &#8220;Calendar&#8221;.<img loading="lazy" class="size-medium wp-image-983 aligncenter" src="https://tickb.umh.es/files/2025/04/Calendario1-300x146.png" alt="" width="300" height="146" srcset="https://tickb.umh.es/files/2025/04/Calendario1-300x146.png 300w, https://tickb.umh.es/files/2025/04/Calendario1-1024x497.png 1024w, https://tickb.umh.es/files/2025/04/Calendario1-768x373.png 768w, https://tickb.umh.es/files/2025/04/Calendario1-1536x745.png 1536w, https://tickb.umh.es/files/2025/04/Calendario1-2048x994.png 2048w" sizes="(max-width: 300px) 100vw, 300px" /></li>
<li>Una vegada dins de &#8220;Calendar&#8221;, anem a la roda dentada que està a dalt a la dreta al costat de &#8220;Setmana&#8221;, fem clic i després en &#8220;Configuració&#8221;.<img loading="lazy" class="size-medium wp-image-986 aligncenter" src="https://tickb.umh.es/files/2025/04/Calendario2-300x149.png" alt="" width="300" height="149" srcset="https://tickb.umh.es/files/2025/04/Calendario2-300x149.png 300w, https://tickb.umh.es/files/2025/04/Calendario2-1024x508.png 1024w, https://tickb.umh.es/files/2025/04/Calendario2-768x381.png 768w, https://tickb.umh.es/files/2025/04/Calendario2-1536x762.png 1536w, https://tickb.umh.es/files/2025/04/Calendario2-2048x1016.png 2048w" sizes="(max-width: 300px) 100vw, 300px" /></li>
<li>Ens dirigim a &#8220;Afegir calendari&#8221;/&#8221;Des de URL&#8221;, peguem la nostra URL i després premem en &#8220;Afegir calendari&#8221;.<img loading="lazy" class="size-medium wp-image-989 aligncenter" src="https://tickb.umh.es/files/2025/04/Calendario3-300x130.png" alt="" width="300" height="130" srcset="https://tickb.umh.es/files/2025/04/Calendario3-300x130.png 300w, https://tickb.umh.es/files/2025/04/Calendario3-1024x444.png 1024w, https://tickb.umh.es/files/2025/04/Calendario3-768x333.png 768w, https://tickb.umh.es/files/2025/04/Calendario3-1536x666.png 1536w, https://tickb.umh.es/files/2025/04/Calendario3.png 1994w" sizes="(max-width: 300px) 100vw, 300px" /></li>
</ol>
<p><strong>Agregar subscripció a iCloud (per a iOS i macOS)</strong></p>
<ol>
<li>Ho fem des del nostre Mac perquè així aparega en tots els nostres dispositius Apple.</li>
<li>En el nostre Mac, obrim l&#8217;aplicació &#8220;Calendari&#8221; i fem clic en &#8220;Arxiu&#8221; / &#8220;Nova subscripció a calendari&#8221;.<img loading="lazy" class="size-medium wp-image-992 aligncenter" src="https://tickb.umh.es/files/2025/04/Calendario4-300x186.png" alt="" width="300" height="186" srcset="https://tickb.umh.es/files/2025/04/Calendario4-300x186.png 300w, https://tickb.umh.es/files/2025/04/Calendario4-1024x634.png 1024w, https://tickb.umh.es/files/2025/04/Calendario4-768x475.png 768w, https://tickb.umh.es/files/2025/04/Calendario4.png 1360w" sizes="(max-width: 300px) 100vw, 300px" /></li>
<li>Ens demanarà la URL del calendari al qual volem subscriure&#8217;ns, la introduïm i premem en &#8220;Subscriure&#8217;s&#8221;.<img loading="lazy" class="size-medium wp-image-995 aligncenter" src="https://tickb.umh.es/files/2025/04/Calendario5-300x66.png" alt="" width="300" height="66" srcset="https://tickb.umh.es/files/2025/04/Calendario5-300x66.png 300w, https://tickb.umh.es/files/2025/04/Calendario5-1024x226.png 1024w, https://tickb.umh.es/files/2025/04/Calendario5-768x169.png 768w, https://tickb.umh.es/files/2025/04/Calendario5.png 1134w" sizes="(max-width: 300px) 100vw, 300px" /></li>
<li>Li assignem un nom com per exemple &#8220;Calendari UMH&#8221; i premem en &#8220;Acceptar&#8221;.<img loading="lazy" class="size-medium wp-image-998 aligncenter" src="https://tickb.umh.es/files/2025/04/Calendario6-300x187.png" alt="" width="300" height="187" srcset="https://tickb.umh.es/files/2025/04/Calendario6-300x187.png 300w, https://tickb.umh.es/files/2025/04/Calendario6-1024x640.png 1024w, https://tickb.umh.es/files/2025/04/Calendario6-768x480.png 768w, https://tickb.umh.es/files/2025/04/Calendario6.png 1044w" sizes="(max-width: 300px) 100vw, 300px" /></li>
</ol>
<p><strong>Agregar subscripció a Office 365</strong></p>
<ol>
<li>Ho fem des del nostre compte Microsoft perquè així aparega en Microsoft Windows en el nostre calendari quan iniciem sessió.</li>
<li>Accedim al nostre compte MiUMH i premem en la part superior esquerra en els 9 puntets i després en &#8220;Totes les aplicacions&#8221;.<img loading="lazy" class="size-medium wp-image-1001 aligncenter" src="https://tickb.umh.es/files/2025/04/Calendario7-300x177.png" alt="" width="300" height="177" srcset="https://tickb.umh.es/files/2025/04/Calendario7-300x177.png 300w, https://tickb.umh.es/files/2025/04/Calendario7-1024x604.png 1024w, https://tickb.umh.es/files/2025/04/Calendario7-768x453.png 768w, https://tickb.umh.es/files/2025/04/Calendario7-1536x906.png 1536w, https://tickb.umh.es/files/2025/04/Calendario7.png 2044w" sizes="(max-width: 300px) 100vw, 300px" /><img loading="lazy" class="size-medium wp-image-1004 aligncenter" src="https://tickb.umh.es/files/2025/04/Calendario8-300x144.png" alt="" width="300" height="144" srcset="https://tickb.umh.es/files/2025/04/Calendario8-300x144.png 300w, https://tickb.umh.es/files/2025/04/Calendario8-1024x490.png 1024w, https://tickb.umh.es/files/2025/04/Calendario8-768x368.png 768w, https://tickb.umh.es/files/2025/04/Calendario8-1536x736.png 1536w, https://tickb.umh.es/files/2025/04/Calendario8.png 2042w" sizes="(max-width: 300px) 100vw, 300px" /></li>
<li>Ara fem clic en &#8220;Calendari&#8221;.<img loading="lazy" class="size-medium wp-image-1007 aligncenter" src="https://tickb.umh.es/files/2025/04/Calendario9-300x160.png" alt="" width="300" height="160" srcset="https://tickb.umh.es/files/2025/04/Calendario9-300x160.png 300w, https://tickb.umh.es/files/2025/04/Calendario9-1024x545.png 1024w, https://tickb.umh.es/files/2025/04/Calendario9-768x408.png 768w, https://tickb.umh.es/files/2025/04/Calendario9-1536x817.png 1536w, https://tickb.umh.es/files/2025/04/Calendario9.png 2042w" sizes="(max-width: 300px) 100vw, 300px" /></li>
<li>Fem clic en &#8220;Afegir calendari&#8221;.<img loading="lazy" class="size-medium wp-image-1010 aligncenter" src="https://tickb.umh.es/files/2025/04/Calendario10-300x186.png" alt="" width="300" height="186" srcset="https://tickb.umh.es/files/2025/04/Calendario10-300x186.png 300w, https://tickb.umh.es/files/2025/04/Calendario10-1024x636.png 1024w, https://tickb.umh.es/files/2025/04/Calendario10-768x477.png 768w, https://tickb.umh.es/files/2025/04/Calendario10-1536x954.png 1536w, https://tickb.umh.es/files/2025/04/Calendario10.png 2044w" sizes="(max-width: 300px) 100vw, 300px" /></li>
<li>En &#8220;Afegir calendari&#8221;, fem clic en &#8220;Subscriure&#8217;s des del web&#8221;.<img loading="lazy" class="size-medium wp-image-1013 aligncenter" src="https://tickb.umh.es/files/2025/04/Calendario11-300x130.png" alt="" width="300" height="130" srcset="https://tickb.umh.es/files/2025/04/Calendario11-300x130.png 300w, https://tickb.umh.es/files/2025/04/Calendario11-1024x445.png 1024w, https://tickb.umh.es/files/2025/04/Calendario11-768x334.png 768w, https://tickb.umh.es/files/2025/04/Calendario11-1536x668.png 1536w, https://tickb.umh.es/files/2025/04/Calendario11.png 1882w" sizes="(max-width: 300px) 100vw, 300px" /></li>
<li>Finalment, omplim els camps pegant la nostra URL, assignant-li un nom com per exemple &#8220;Calendari UMH&#8221;, seleccionem en &#8220;Afegir a&#8221; l&#8217;opció &#8220;Els meus calendaris&#8221; i finalment fem clic en &#8220;Importar&#8221;.<img loading="lazy" class="size-medium wp-image-1016 aligncenter" src="https://tickb.umh.es/files/2025/04/Calendario12-300x217.png" alt="" width="300" height="217" srcset="https://tickb.umh.es/files/2025/04/Calendario12-300x217.png 300w, https://tickb.umh.es/files/2025/04/Calendario12-1024x741.png 1024w, https://tickb.umh.es/files/2025/04/Calendario12-768x556.png 768w, https://tickb.umh.es/files/2025/04/Calendario12-1536x1112.png 1536w, https://tickb.umh.es/files/2025/04/Calendario12.png 1890w" sizes="(max-width: 300px) 100vw, 300px" /></li>
</ol>
<p>Ara ja tindrem el calendari en el nostre compte Microsoft perquè quan l&#8217;afegim al nostre compte d&#8217;usuari de Windows ens aparega el calendari.</p>

<p>Després d&#8217;obtindre la URL del calendari del nostre curs acadèmic, anem a agregar-la al nostre calendari personal en Google Calendar, iCloud i Microsoft Office 365.<br />
Agregar subscripció a Google Calendar</p>
<p>Accedim al nostre compte de Google i premem en la part superior dreta en els 9 puntets i després en &#8220;Calendar&#8221;.<br />
Una vegada dins de &#8220;Calendar&#8221;, anem a [&#8230;]</p>
